{"id":157,"date":"2020-07-14T15:58:39","date_gmt":"2020-07-14T18:58:39","guid":{"rendered":"https:\/\/amebs.org.ar\/2020\/?page_id=157"},"modified":"2020-07-14T18:29:46","modified_gmt":"2020-07-14T21:29:46","slug":"nuestra-mutual","status":"publish","type":"page","link":"https:\/\/amebs.org.ar\/2020\/nuestra-mutual\/","title":{"rendered":"Nuestra Mutual"},"content":{"rendered":"\n<p>AMEBS, es una mutual, que le brinda de manera organizada, criteriosa e ininterrumpida, una serie de Servicios y Beneficios a todos sus Asociados desde hace mas de 50 a\u00f1os. Se cre\u00f3 en el a\u00f1o 1969, cuando un grupo de empleados del Ministerio de Salud de la Provincia de Buenos Aires, se juntaron por primera vez para proyectar lo que hoy es la una de las mutuales mas prestigiosas<\/p>\n\n\n\n<p>En su primer momento, estos fundadores decidieron alquilar con mucho esfuerzo una casa frente al Ministerio, para comenzar con las acciones de \u201casociativismo\u201d .<\/p>\n\n\n\n<p>En 1972, ya conformada como Asociaci\u00f3n, y en un contexto, donde se complicaba conseguir algunos insumos b\u00e1sicos para el hogar, se iniciaron tratativas a trav\u00e9s del Ministerio de Salud para que la \u201cAsociaci\u00f3n\u201d pudiera obtener grandes cantidades de az\u00facar, o papas (por ejemplo), la racionara y as\u00ed facilitarla a sus asociados.<\/p>\n\n\n\n<p>Pasados diez a\u00f1os, en 1982, la \u201cAsociaci\u00f3n\u201d recibe la aprobaci\u00f3n para constituirse como mutual. Motivo por el cual surge el nombre actual (Asociaci\u00f3n Mutual Empleados de Bienestar Social de la Provincia de Buenos Aires).<\/p>\n\n\n\n<p>Reg. Nacional de Mutualidades R.N\u00ba 931<\/p>\n\n\n\n<p>Personer\u00eda Jur\u00eddica 19.237<\/p>\n\n\n\n<p>Entidad de Bien P\u00fablico N\u00ba 4.130<\/p>\n\n\n\n<p>DPPJJ \u2013 BA19237<\/p>\n","protected":false},"excerpt":{"rendered":"<p>AMEBS, es una mutual, que le brinda de manera organizada, criteriosa e ininterrumpida, una serie de Servicios y Beneficios a todos sus Asociados desde hace mas de 50 a\u00f1os. Se &#8230;<\/p>\n","protected":false},"author":5,"featured_media":313,"parent":0,"menu_order":0,"comment_status":"closed","ping_status":"closed","template":"","meta":{"footnotes":""},"_links":{"self":[{"href":"https:\/\/amebs.org.ar\/2020\/wp-json\/wp\/v2\/pages\/157"}],"collection":[{"href":"https:\/\/amebs.org.ar\/2020\/wp-json\/wp\/v2\/pages"}],"about":[{"href":"https:\/\/amebs.org.ar\/2020\/wp-json\/wp\/v2\/types\/page"}],"author":[{"embeddable":true,"href":"https:\/\/amebs.org.ar\/2020\/wp-json\/wp\/v2\/users\/5"}],"replies":[{"embeddable":true,"href":"https:\/\/amebs.org.ar\/2020\/wp-json\/wp\/v2\/comments?post=157"}],"version-history":[{"count":1,"href":"https:\/\/amebs.org.ar\/2020\/wp-json\/wp\/v2\/pages\/157\/revisions"}],"predecessor-version":[{"id":158,"href":"https:\/\/amebs.org.ar\/2020\/wp-json\/wp\/v2\/pages\/157\/revisions\/158"}],"wp:featuredmedia":[{"embeddable":true,"href":"https:\/\/amebs.org.ar\/2020\/wp-json\/wp\/v2\/media\/313"}],"wp:attachment":[{"href":"https:\/\/amebs.org.ar\/2020\/wp-json\/wp\/v2\/media?parent=157"}],"curies":[{"name":"wp","href":"https:\/\/api.w.org\/{rel}","templated":true}]}}