{"id":159,"date":"2020-07-14T15:59:05","date_gmt":"2020-07-14T18:59:05","guid":{"rendered":"https:\/\/amebs.org.ar\/2020\/?page_id=159"},"modified":"2020-07-14T18:30:55","modified_gmt":"2020-07-14T21:30:55","slug":"sectores","status":"publish","type":"page","link":"https:\/\/amebs.org.ar\/2020\/sectores\/","title":{"rendered":"Sectores"},"content":{"rendered":"\n<p>Responsable de Administraci\u00f3n: Valdovinos, Fernanda<\/p>\n\n\n\n<p>Responsable de Presupuesto y Finanzas: Anell, Guillermo<\/p>\n\n\n\n<p>Responsable de Ayudas Econ\u00f3micas: Cianciosi, Adriana<\/p>\n\n\n\n<p>Responsable de Deportes: Cortizo, Carlos<\/p>\n\n\n\n<p>Responsable de Educaci\u00f3n y Cultura: Pellegrini, Miguel<\/p>\n\n\n\n<p>Responsable de Emprendimientos Inmobiliarios: Vigil, Miguel \u00c1ngel<\/p>\n\n\n\n<p>Responsable de Capacitaci\u00f3n Profesional: Garc\u00eda, Oscar<\/p>\n\n\n\n<p>Responsable de Jubilados: Gallo, Ovidio<\/p>\n\n\n\n<p>Responsable de Mantenimiento Sede: Feregotto, Francisco<\/p>\n\n\n\n<p>Responsable de Morosos: Luquez, Omar<\/p>\n\n\n\n<p>Responsable de Prensa Y Difusi\u00f3n: Valdovinos, Fernanda<\/p>\n\n\n\n<p>Responsable de Proveedur\u00eda: Mi\u00f1o, Horacio<\/p>\n\n\n\n<p>Responsable de Rel. Comerciales: Vigil, Miguel \u00c1ngel<\/p>\n\n\n\n<p>Responsable de Sistemas: Cianciosi, Adriana<\/p>\n\n\n\n<p>Responsable de Turismo: Colautti Cesarino<\/p>\n","protected":false},"excerpt":{"rendered":"<p>Responsable de Administraci\u00f3n: Valdovinos, Fernanda Responsable de Presupuesto y Finanzas: Anell, Guillermo Responsable de Ayudas Econ\u00f3micas: Cianciosi, Adriana Responsable de Deportes: Cortizo, Carlos Responsable de Educaci\u00f3n y Cultura: Pellegrini, Miguel &#8230;<\/p>\n","protected":false},"author":5,"featured_media":313,"parent":0,"menu_order":0,"comment_status":"closed","ping_status":"closed","template":"","meta":{"footnotes":""},"_links":{"self":[{"href":"https:\/\/amebs.org.ar\/2020\/wp-json\/wp\/v2\/pages\/159"}],"collection":[{"href":"https:\/\/amebs.org.ar\/2020\/wp-json\/wp\/v2\/pages"}],"about":[{"href":"https:\/\/amebs.org.ar\/2020\/wp-json\/wp\/v2\/types\/page"}],"author":[{"embeddable":true,"href":"https:\/\/amebs.org.ar\/2020\/wp-json\/wp\/v2\/users\/5"}],"replies":[{"embeddable":true,"href":"https:\/\/amebs.org.ar\/2020\/wp-json\/wp\/v2\/comments?post=159"}],"version-history":[{"count":1,"href":"https:\/\/amebs.org.ar\/2020\/wp-json\/wp\/v2\/pages\/159\/revisions"}],"predecessor-version":[{"id":160,"href":"https:\/\/amebs.org.ar\/2020\/wp-json\/wp\/v2\/pages\/159\/revisions\/160"}],"wp:featuredmedia":[{"embeddable":true,"href":"https:\/\/amebs.org.ar\/2020\/wp-json\/wp\/v2\/media\/313"}],"wp:attachment":[{"href":"https:\/\/amebs.org.ar\/2020\/wp-json\/wp\/v2\/media?parent=159"}],"curies":[{"name":"wp","href":"https:\/\/api.w.org\/{rel}","templated":true}]}}

<p>Responsable de Administración: Valdovinos, Fernanda</p>



<p>Responsable de Presupuesto y Finanzas: Anell, Guillermo</p>



<p>Responsable de Ayudas Económicas: Cianciosi, Adriana</p>



<p>Responsable de Deportes: Cortizo, Carlos</p>



<p>Responsable de Educación y Cultura: Pellegrini, Miguel</p>



<p>Responsable de Emprendimientos Inmobiliarios: Vigil, Miguel Ángel</p>



<p>Responsable de Capacitación Profesional: García, Oscar</p>



<p>Responsable de Jubilados: Gallo, Ovidio</p>



<p>Responsable de Mantenimiento Sede: Feregotto, Francisco</p>



<p>Responsable de Morosos: Luquez, Omar</p>



<p>Responsable de Prensa Y Difusión: Valdovinos, Fernanda</p>



<p>Responsable de Proveeduría: Miño, Horacio</p>



<p>Responsable de Rel. Comerciales: Vigil, Miguel Ángel</p>



<p>Responsable de Sistemas: Cianciosi, Adriana</p>



<p>Responsable de Turismo: Colautti Cesarino</p>

<p>Responsable de Administración: Valdovinos, Fernanda Responsable de Presupuesto y Finanzas: Anell, Guillermo Responsable de Ayudas Económicas: Cianciosi, Adriana Responsable de Deportes: Cortizo, Carlos Responsable de Educación y Cultura: Pellegrini, Miguel &#8230;</p>
