{"id":495,"date":"2020-08-20T18:10:33","date_gmt":"2020-08-20T21:10:33","guid":{"rendered":"https:\/\/amebs.org.ar\/2020\/?page_id=495"},"modified":"2020-08-20T18:10:34","modified_gmt":"2020-08-20T21:10:34","slug":"adhesion-a-servicios-complementarios","status":"publish","type":"page","link":"https:\/\/amebs.org.ar\/2020\/adhesion-a-servicios-complementarios\/","title":{"rendered":"Adhesi\u00f3n a servicios complementarios"},"content":{"rendered":"\n<h3 class=\"has-text-color wp-block-heading\" style=\"color:#07562e\">Exclusivo para Asociados<\/h3>\n\n\n\n<h5 class=\"has-vivid-red-color has-text-color wp-block-heading\">Por favor complete todos los campos con la informaci\u00f3n requerida, la misma ser\u00e1 considerada en car\u00e1cter de <strong>Declaraci\u00f3n Jurada<\/strong>.<\/h5>\n\n\n\n<h5 class=\"has-vivid-red-color has-text-color wp-block-heading\">Todos los campos son obligatorios, por favor lea atentamente antes de comenzar a completar.<\/h5>\n\n\n\n<h5 class=\"has-vivid-red-color has-text-color wp-block-heading\">Luego de enviar el formulario nos pondremos en contacto para finalizar el tr\u00e1mite.<\/h5>\n\n\n\n\n<div class=\"wpcf7 no-js\" id=\"wpcf7-f493-o1\" lang=\"es-ES\" dir=\"ltr\">\n<div class=\"screen-reader-response\"><p role=\"status\" aria-live=\"polite\" aria-atomic=\"true\"><\/p> <ul><\/ul><\/div>\n<form action=\"\/2020\/wp-json\/wp\/v2\/pages\/495#wpcf7-f493-o1\" method=\"post\" class=\"wpcf7-form init\" aria-label=\"Formulario de contacto\" enctype=\"multipart\/form-data\" novalidate=\"novalidate\" data-status=\"init\">\n<div style=\"display: none;\">\n<input type=\"hidden\" name=\"_wpcf7\" value=\"493\" \/>\n<input type=\"hidden\" name=\"_wpcf7_version\" value=\"5.9.6\" \/>\n<input type=\"hidden\" name=\"_wpcf7_locale\" value=\"es_ES\" \/>\n<input type=\"hidden\" name=\"_wpcf7_unit_tag\" value=\"wpcf7-f493-o1\" \/>\n<input type=\"hidden\" name=\"_wpcf7_container_post\" value=\"0\" \/>\n<input type=\"hidden\" name=\"_wpcf7_posted_data_hash\" value=\"\" \/>\n<input type=\"hidden\" name=\"_wpcf7_recaptcha_response\" value=\"\" \/>\n<\/div>\n<h4>Subsidio por fallecimiento:\n<\/h4>\n<p><label>Apellido Asociado Solicitante: <span><\/span><br \/>\n<input type=\"text\" name=\"apellidosoli\" placeholder=\"Apellido\" class=\"campo-form\" style=\"width:100%;\" \/><br \/>\n<\/label><br \/>\n<label>Nombres Asociado Solicitante: <span><\/span><br \/>\n<input type=\"text\" name=\"nombresoli\" placeholder=\"Nombre\" class=\"campo-form\" style=\"width:100%;\" \/><br \/>\n<\/label><br \/>\n<label>DNI Asociado Solicitante: <span><\/span><br \/>\n<input type=\"text\" name=\"dnisoli\" placeholder=\"DNI\" class=\"campo-form\" style=\"width:100%;\" \/><br \/>\n<\/label><br \/>\n<label>Tel\u00e9fono Asociado Solicitante: <span><\/span><br \/>\n<input type=\"text\" name=\"telefonosoli\" placeholder=\"Tel\u00e9fono\" class=\"campo-form\" style=\"width:100%;\" \/><br \/>\n<\/label><br \/>\n<label>Email Asociado Solicitante: <span><\/span><br \/>\n<input type=\"text\" name=\"emailsoli\" placeholder=\"email\" class=\"campo-form\" style=\"width:100%;\" \/><br \/>\n<\/label>\n<\/p>\n<h5>Beneficiario\n<\/h5>\n<p><label>Apellido: <span><\/span><br \/>\n<input type=\"text\" name=\"apellido\" placeholder=\"Apellido\" class=\"campo-form\" style=\"width:100%;\" \/><br \/>\n<\/label><br \/>\n<label>Nombres: <span><\/span><br \/>\n<input type=\"text\" name=\"nombre\" placeholder=\"Nombre\" class=\"campo-form\" style=\"width:100%;\" \/><br \/>\n<\/label><br \/>\n<label>DNI: <span><\/span><br \/>\n<input type=\"text\" name=\"dni\" placeholder=\"DNI\" class=\"campo-form\" style=\"width:100%;\" \/><br \/>\n<\/label><br \/>\n<label>Parentesco: <span><\/span><br \/>\n<input type=\"text\" name=\"parentesco\" placeholder=\"parentesco\" class=\"campo-form\" style=\"width:100%;\" required \/><br \/>\n<\/label><br \/>\n<label>Domicilio: <span><\/span><br \/>\n<input type=\"text\" name=\"domicilio\" placeholder=\"domicilio\" class=\"campo-form\" style=\"width:100%;\" required \/><br \/>\n<\/label><br \/>\n<label>Altura: <span><\/span><br \/>\n<input type=\"text\" name=\"altura\" placeholder=\"Altura N\u00ba\" class=\"campo-form\" style=\"width:100%;\" required \/><br \/>\n<\/label><br \/>\n<label>Piso: <span><\/span><br \/>\n<input type=\"text\" name=\"piso\" placeholder=\"N\u00ba de piso\" class=\"campo-form\" style=\"width:100%;\" required \/><br \/>\n<\/label><br \/>\n<label>Departamento: <span><\/span><br \/>\n<input type=\"text\" name=\"depto\" placeholder=\"N\u00ba de departamento\" class=\"campo-form\" style=\"width:100%;\" required \/><br \/>\n<\/label>\n<\/p>\n<p><label>C.P.: <span><\/span><br \/>\n<input type=\"text\" name=\"cp\" placeholder=\"C\u00f3digo Postal\" class=\"campo-form\" style=\"width:100%;\" required \/><br \/>\n<\/label><br \/>\n<label>Localidad: <span><\/span><br \/>\n<input type=\"text\" name=\"localidad\" placeholder=\"Localidad\" class=\"campo-form\" style=\"width:100%;\" required \/><br \/>\n<\/label>\n<\/p>\n<h4>Fondo de Amparo Familiar:\n<\/h4>\n<p><span class=\"wpcf7-form-control-wrap\" data-name=\"radio-141\"><span class=\"wpcf7-form-control wpcf7-radio\"><span class=\"wpcf7-list-item first\"><label><input type=\"radio\" name=\"radio-141\" value=\"SI\" checked=\"checked\" \/><span class=\"wpcf7-list-item-label\">SI<\/span><\/label><\/span><span class=\"wpcf7-list-item last\"><label><input type=\"radio\" name=\"radio-141\" value=\"NO\" \/><span class=\"wpcf7-list-item-label\">NO<\/span><\/label><\/span><\/span><\/span>\n<\/p>\n<h4>Sistema de emergencias m\u00e9dicas (Grupo Familiar)- Exclusivo para Asociados con domicilio en La Plata:\n<\/h4>\n<h5>Solicito la ADHESI\u00d3N al Sistema de Emergencias de AMEBS, del grupo familiar, por lo cual completo el formulario correspondiente en esta solicitud. ACEPTO con total conformidad abonar por la adhesi\u00f3n solicitada el importe determinado por el Consejo Directivo para tal servicio, y autorizo el descuento del mismo de mis haberes (Ministerio, Bapro, I.P.S.), o me comprometo al pago mensual por administraci\u00f3n, seg\u00fan corresponda.\n<\/h5>\n<p><span class=\"wpcf7-form-control-wrap\" data-name=\"radio-141\"><span class=\"wpcf7-form-control wpcf7-radio\"><span class=\"wpcf7-list-item first\"><label><input type=\"radio\" name=\"radio-141\" value=\"SI\" checked=\"checked\" \/><span class=\"wpcf7-list-item-label\">SI<\/span><\/label><\/span><span class=\"wpcf7-list-item last\"><label><input type=\"radio\" name=\"radio-141\" value=\"NO\" \/><span class=\"wpcf7-list-item-label\">NO<\/span><\/label><\/span><\/span><\/span> Me adhiero al Servicio SIPEM.-\n<\/p>\n<h4>Conformidad general:\n<\/h4>\n<h5>Declaro conocer la reglamentaci\u00f3n de los Servicios mencionados y acepto con total conformidad abonar el importe determinado por el Consejo Directivo de AMEBS, para cada uno de ellos en forma mensual. Aceptando adem\u00e1s el descuento de mis haberes, d\u00e9bito autom\u00e1tico o por administraci\u00f3n seg\u00fan corresponda, de la CUOTA MENSUAL.\n<\/h5>\n<h5>En caso de efectuarse el cobro de las deudas contraidas con AMEBS por d\u00e9bito autom\u00e1tico en mi cuenta declarada en la constancia del CBU adjunto al presente.\n<\/h5>\n<p><a class=\"btn\" data-toggle=\"collapse\" href=\"#dniadjunto\" Style=\"cursor:pointer; margin-top:10px; width:100%; background:#333; color:#fff;\">Adjuntar DNI<\/a>\n<\/p>\n<div class=\"collapse\" id=\"dniadjunto\">\n\t<h5 style=\"color:red; max-width:100%;\">Por favor adjunte una imagen del frente de su DNI en la cual se pueda ver y leer claramente toda la informaci\u00f3n\n\t<\/h5>\n\t<p><span class=\"wpcf7-form-control-wrap\" data-name=\"file-685\"><input size=\"40\" class=\"wpcf7-form-control wpcf7-file wpcf7-validates-as-required\" accept=\"audio\/*,video\/*,image\/*\" aria-required=\"true\" aria-invalid=\"false\" type=\"file\" name=\"file-685\" \/><\/span>\n\t<\/p>\n\t<h5 style=\"color:red; max-width:100%;\">Por favor adjunte una imagen del dorso de su DNI en la cual se pueda ver y leer claramente toda la informaci\u00f3n\n\t<\/h5>\n\t<p><span class=\"wpcf7-form-control-wrap\" data-name=\"file-690\"><input size=\"40\" class=\"wpcf7-form-control wpcf7-file wpcf7-validates-as-required\" accept=\"audio\/*,video\/*,image\/*\" aria-required=\"true\" aria-invalid=\"false\" type=\"file\" name=\"file-690\" \/><\/span>\n\t<\/p>\n<\/div>\n<p><a class=\"btn\" data-toggle=\"collapse\" href=\"#cbuadjunto\" Style=\"cursor:pointer; margin-top:10px; width:100%; background:#333; color:#fff;\">Adjuntar CBU emitida por su banco<\/a>\n<\/p>\n<div class=\"collapse\" id=\"cbuadjunto\">\n\t<p><a href=\"https:\/\/amebs.org.ar\/2020\/wp-content\/uploads\/2020\/07\/instructivoCBU-UltimosmovimientosBAPRO-1.pdf\" download=\"Certificado de CBU\">\u00bfC\u00f3mo lo Obtengo? Mir\u00e1 el tutorial de como obtenerlo<\/a>\n\t<\/p>\n\t<p> En caso de adjuntar una fotograf\u00eda, el comprobante debe estar firmado por el asociado\n\t<\/p>\n\t<p><span class=\"wpcf7-form-control-wrap\" data-name=\"file-689\"><input size=\"40\" class=\"wpcf7-form-control wpcf7-file wpcf7-validates-as-required\" accept=\"audio\/*,video\/*,image\/*\" aria-required=\"true\" aria-invalid=\"false\" type=\"file\" name=\"file-689\" \/><\/span>\n\t<\/p>\n<\/div>\n<span class=\"wpcf7-form-control-wrap recaptcha\" data-name=\"recaptcha\"><span data-sitekey=\"6Lee8UAlAAAAADS1RpfoDAWIqi_du9jOJi3GiACP\" class=\"wpcf7-form-control wpcf7-recaptcha g-recaptcha\"><\/span>\r\n<noscript>\r\n\t<div class=\"grecaptcha-noscript\">\r\n\t\t<iframe src=\"https:\/\/www.google.com\/recaptcha\/api\/fallback?k=6Lee8UAlAAAAADS1RpfoDAWIqi_du9jOJi3GiACP\" frameborder=\"0\" scrolling=\"no\" width=\"310\" height=\"430\">\r\n\t\t<\/iframe>\r\n\t\t<textarea name=\"g-recaptcha-response\" rows=\"3\" cols=\"40\" placeholder=\"Aqu\u00ed la respuesta de reCAPTCHA\">\r\n\t\t<\/textarea>\r\n\t<\/div>\r\n<\/noscript>\r\n<\/span>\n<p><input class=\"wpcf7-form-control wpcf7-submit has-spinner\" type=\"submit\" value=\"Acepto t\u00e9rminos y condiciones\" \/>\n<\/p><div class=\"wpcf7-response-output\" aria-hidden=\"true\"><\/div>\n<\/form>\n<\/div>\n\n","protected":false},"excerpt":{"rendered":"<p>Exclusivo para Asociados Por favor complete todos los campos con la informaci\u00f3n requerida, la misma ser\u00e1 considerada en car\u00e1cter de Declaraci\u00f3n Jurada. Todos los campos son obligatorios, por favor lea &#8230;<\/p>\n","protected":false},"author":5,"featured_media":313,"parent":0,"menu_order":0,"comment_status":"closed","ping_status":"closed","template":"","meta":{"footnotes":""},"_links":{"self":[{"href":"https:\/\/amebs.org.ar\/2020\/wp-json\/wp\/v2\/pages\/495"}],"collection":[{"href":"https:\/\/amebs.org.ar\/2020\/wp-json\/wp\/v2\/pages"}],"about":[{"href":"https:\/\/amebs.org.ar\/2020\/wp-json\/wp\/v2\/types\/page"}],"author":[{"embeddable":true,"href":"https:\/\/amebs.org.ar\/2020\/wp-json\/wp\/v2\/users\/5"}],"replies":[{"embeddable":true,"href":"https:\/\/amebs.org.ar\/2020\/wp-json\/wp\/v2\/comments?post=495"}],"version-history":[{"count":1,"href":"https:\/\/amebs.org.ar\/2020\/wp-json\/wp\/v2\/pages\/495\/revisions"}],"predecessor-version":[{"id":496,"href":"https:\/\/amebs.org.ar\/2020\/wp-json\/wp\/v2\/pages\/495\/revisions\/496"}],"wp:featuredmedia":[{"embeddable":true,"href":"https:\/\/amebs.org.ar\/2020\/wp-json\/wp\/v2\/media\/313"}],"wp:attachment":[{"href":"https:\/\/amebs.org.ar\/2020\/wp-json\/wp\/v2\/media?parent=495"}],"curies":[{"name":"wp","href":"https:\/\/api.w.org\/{rel}","templated":true}]}}

Adhesión a servicios complementarios

<h3 class="has-text-color wp-block-heading" style="color:#07562e">Exclusivo para Asociados</h3>



<h5 class="has-vivid-red-color has-text-color wp-block-heading">Por favor complete todos los campos con la información requerida, la misma será considerada en carácter de <strong>Declaración Jurada</strong>.</h5>



<h5 class="has-vivid-red-color has-text-color wp-block-heading">Todos los campos son obligatorios, por favor lea atentamente antes de comenzar a completar.</h5>



<h5 class="has-vivid-red-color has-text-color wp-block-heading">Luego de enviar el formulario nos pondremos en contacto para finalizar el trámite.</h5>




<div class="wpcf7 no-js" id="wpcf7-f493-o1" lang="es-ES" dir="ltr">
<div class="screen-reader-response"><p role="status" aria-live="polite" aria-atomic="true"></p> <ul></ul></div>
<form action="/2020/wp-json/wp/v2/pages/495#wpcf7-f493-o1" method="post" class="wpcf7-form init" aria-label="Formulario de contacto" enctype="multipart/form-data" novalidate="novalidate" data-status="init">
<div style="display: none;">
<input type="hidden" name="_wpcf7" value="493" />
<input type="hidden" name="_wpcf7_version" value="5.9.6" />
<input type="hidden" name="_wpcf7_locale" value="es_ES" />
<input type="hidden" name="_wpcf7_unit_tag" value="wpcf7-f493-o1" />
<input type="hidden" name="_wpcf7_container_post" value="0" />
<input type="hidden" name="_wpcf7_posted_data_hash" value="" />
<input type="hidden" name="_wpcf7_recaptcha_response" value="" />
</div>
<h4>Subsidio por fallecimiento:
</h4>
<p><label>Apellido Asociado Solicitante: <span></span><br />
<input type="text" name="apellidosoli" placeholder="Apellido" class="campo-form" style="width:100%;" /><br />
</label><br />
<label>Nombres Asociado Solicitante: <span></span><br />
<input type="text" name="nombresoli" placeholder="Nombre" class="campo-form" style="width:100%;" /><br />
</label><br />
<label>DNI Asociado Solicitante: <span></span><br />
<input type="text" name="dnisoli" placeholder="DNI" class="campo-form" style="width:100%;" /><br />
</label><br />
<label>Teléfono Asociado Solicitante: <span></span><br />
<input type="text" name="telefonosoli" placeholder="Teléfono" class="campo-form" style="width:100%;" /><br />
</label><br />
<label>Email Asociado Solicitante: <span></span><br />
<input type="text" name="emailsoli" placeholder="email" class="campo-form" style="width:100%;" /><br />
</label>
</p>
<h5>Beneficiario
</h5>
<p><label>Apellido: <span></span><br />
<input type="text" name="apellido" placeholder="Apellido" class="campo-form" style="width:100%;" /><br />
</label><br />
<label>Nombres: <span></span><br />
<input type="text" name="nombre" placeholder="Nombre" class="campo-form" style="width:100%;" /><br />
</label><br />
<label>DNI: <span></span><br />
<input type="text" name="dni" placeholder="DNI" class="campo-form" style="width:100%;" /><br />
</label><br />
<label>Parentesco: <span></span><br />
<input type="text" name="parentesco" placeholder="parentesco" class="campo-form" style="width:100%;" required /><br />
</label><br />
<label>Domicilio: <span></span><br />
<input type="text" name="domicilio" placeholder="domicilio" class="campo-form" style="width:100%;" required /><br />
</label><br />
<label>Altura: <span></span><br />
<input type="text" name="altura" placeholder="Altura Nº" class="campo-form" style="width:100%;" required /><br />
</label><br />
<label>Piso: <span></span><br />
<input type="text" name="piso" placeholder="Nº de piso" class="campo-form" style="width:100%;" required /><br />
</label><br />
<label>Departamento: <span></span><br />
<input type="text" name="depto" placeholder="Nº de departamento" class="campo-form" style="width:100%;" required /><br />
</label>
</p>
<p><label>C.P.: <span></span><br />
<input type="text" name="cp" placeholder="Código Postal" class="campo-form" style="width:100%;" required /><br />
</label><br />
<label>Localidad: <span></span><br />
<input type="text" name="localidad" placeholder="Localidad" class="campo-form" style="width:100%;" required /><br />
</label>
</p>
<h4>Fondo de Amparo Familiar:
</h4>
<p><span class="wpcf7-form-control-wrap" data-name="radio-141"><span class="wpcf7-form-control wpcf7-radio"><span class="wpcf7-list-item first"><label><input type="radio" name="radio-141" value="SI" checked="checked" /><span class="wpcf7-list-item-label">SI</span></label></span><span class="wpcf7-list-item last"><label><input type="radio" name="radio-141" value="NO" /><span class="wpcf7-list-item-label">NO</span></label></span></span></span>
</p>
<h4>Sistema de emergencias médicas (Grupo Familiar)- Exclusivo para Asociados con domicilio en La Plata:
</h4>
<h5>Solicito la ADHESIÓN al Sistema de Emergencias de AMEBS, del grupo familiar, por lo cual completo el formulario correspondiente en esta solicitud. ACEPTO con total conformidad abonar por la adhesión solicitada el importe determinado por el Consejo Directivo para tal servicio, y autorizo el descuento del mismo de mis haberes (Ministerio, Bapro, I.P.S.), o me comprometo al pago mensual por administración, según corresponda.
</h5>
<p><span class="wpcf7-form-control-wrap" data-name="radio-141"><span class="wpcf7-form-control wpcf7-radio"><span class="wpcf7-list-item first"><label><input type="radio" name="radio-141" value="SI" checked="checked" /><span class="wpcf7-list-item-label">SI</span></label></span><span class="wpcf7-list-item last"><label><input type="radio" name="radio-141" value="NO" /><span class="wpcf7-list-item-label">NO</span></label></span></span></span> Me adhiero al Servicio SIPEM.-
</p>
<h4>Conformidad general:
</h4>
<h5>Declaro conocer la reglamentación de los Servicios mencionados y acepto con total conformidad abonar el importe determinado por el Consejo Directivo de AMEBS, para cada uno de ellos en forma mensual. Aceptando además el descuento de mis haberes, débito automático o por administración según corresponda, de la CUOTA MENSUAL.
</h5>
<h5>En caso de efectuarse el cobro de las deudas contraidas con AMEBS por débito automático en mi cuenta declarada en la constancia del CBU adjunto al presente.
</h5>
<p><a class="btn" data-toggle="collapse" href="#dniadjunto" Style="cursor:pointer; margin-top:10px; width:100%; background:#333; color:#fff;">Adjuntar DNI</a>
</p>
<div class="collapse" id="dniadjunto">
	<h5 style="color:red; max-width:100%;">Por favor adjunte una imagen del frente de su DNI en la cual se pueda ver y leer claramente toda la información
	</h5>
	<p><span class="wpcf7-form-control-wrap" data-name="file-685"><input size="40" class="wpcf7-form-control wpcf7-file wpcf7-validates-as-required" accept="audio/*,video/*,image/*" aria-required="true" aria-invalid="false" type="file" name="file-685" /></span>
	</p>
	<h5 style="color:red; max-width:100%;">Por favor adjunte una imagen del dorso de su DNI en la cual se pueda ver y leer claramente toda la información
	</h5>
	<p><span class="wpcf7-form-control-wrap" data-name="file-690"><input size="40" class="wpcf7-form-control wpcf7-file wpcf7-validates-as-required" accept="audio/*,video/*,image/*" aria-required="true" aria-invalid="false" type="file" name="file-690" /></span>
	</p>
</div>
<p><a class="btn" data-toggle="collapse" href="#cbuadjunto" Style="cursor:pointer; margin-top:10px; width:100%; background:#333; color:#fff;">Adjuntar CBU emitida por su banco</a>
</p>
<div class="collapse" id="cbuadjunto">
	<p><a href="https://amebs.org.ar/2020/wp-content/uploads/2020/07/instructivoCBU-UltimosmovimientosBAPRO-1.pdf" download="Certificado de CBU">¿Cómo lo Obtengo? Mirá el tutorial de como obtenerlo</a>
	</p>
	<p> En caso de adjuntar una fotografía, el comprobante debe estar firmado por el asociado
	</p>
	<p><span class="wpcf7-form-control-wrap" data-name="file-689"><input size="40" class="wpcf7-form-control wpcf7-file wpcf7-validates-as-required" accept="audio/*,video/*,image/*" aria-required="true" aria-invalid="false" type="file" name="file-689" /></span>
	</p>
</div>
<span class="wpcf7-form-control-wrap recaptcha" data-name="recaptcha"><span data-sitekey="6Lee8UAlAAAAADS1RpfoDAWIqi_du9jOJi3GiACP" class="wpcf7-form-control wpcf7-recaptcha g-recaptcha"></span>
<noscript>
	<div class="grecaptcha-noscript">
		<iframe src="https://www.google.com/recaptcha/api/fallback?k=6Lee8UAlAAAAADS1RpfoDAWIqi_du9jOJi3GiACP" frameborder="0" scrolling="no" width="310" height="430">
		</iframe>
		<textarea name="g-recaptcha-response" rows="3" cols="40" placeholder="Aquí la respuesta de reCAPTCHA">
		</textarea>
	</div>
</noscript>
</span>
<p><input class="wpcf7-form-control wpcf7-submit has-spinner" type="submit" value="Acepto términos y condiciones" />
</p><div class="wpcf7-response-output" aria-hidden="true"></div>
</form>
</div>

<p>Exclusivo para Asociados Por favor complete todos los campos con la información requerida, la misma será considerada en carácter de Declaración Jurada. Todos los campos son obligatorios, por favor lea &#8230;</p>
